 - 49 - 29).
33
What is the value of -31 + -2 + 1 - (-125 - 21 - -137)?
-23
Evaluate -6 - (2 - (-2 + (9 - -9)) - -6).
2
What is the value of 3 + 67 + (-48 - -12)?
34
Evaluate (-1 - (-1 - 1) - (-134 - -137)) + 1.
-1
What is -1 - (-22 + 0 + (-235 - -249))?
7
What is 15 + -2 + (61 - 54) + (4 - 0)?
24
8 + 21 + -44 + 0
-15
Calculate 1 - 7 - (11 + -14 + (12 - 5)).
-10
Evaluate -1 + -5 - (-1 + 4 - (3 - 8)).
-14
-13 + (-4 - -2 - -19) - (4 - 1)
1
(-8 - 7) + 7 + 3 - (-30 + 0)
25
What is the value of 9 + -10 + 0 + -13 - (11 + -3)?
-22
Calculate -3 - (12 + 8 - 12).
-11
What is the value of 34 + 14 + 0 + -29?
19
-4 + 1 - (8 + -14) - (-64 + 73)
-6
Calculate -12 + 8 + (1 - -11) - (-30 - -37).
1
16 + 13 + (-10 - -27 - 22)
24
What is -1 + 0 + (-6 - (-4 - -1 - 0))?
-4
What is the value of (-3 + -1 - (-35 - -26)) + 0 + -6?
-1
(13 - 17) + (-9 - 1)
-14
What is 17 + (-19 + 17 - 12)?
3
What is the value of (-1 - (-12 - 8)) + -1 + -6?
12
2 + -35 + 10 - -3 - 2 - 8
-30
Evaluate 0 - (7 - (6 - 10)) - -17.
6
-5 - (6 + (-23 - -9))
3
Evaluate 2 + 1 + (28 - 26).
5
26 - (-21 - -38) - 35
-26
Calculate 10 - (3 - -5) - 12.
-10
What is the value of -1 - -61 - (5 - -26)?
29
Evaluate -1 - 10 - ((-55 - 2) + 47).
-1
Calculate (-7 - -9) + -7 - (11 + -6 - 23).
13
Calculate -6 + 0 + -10 - -6.
-10
What is the value of (6 + -16 - 14) + 23?
-1
What is 0 + -16 + -1 + -2 + 50?
31
What is 5 - (-6 + 8 + 0 + 0) - 19?
-16
What is 8 - (56 + -59 + (-1 - -43)) - 8?
-39
What is the value of -8 + (-4 - (0 + (-13 - -5) - -3))?
-7
Evaluate (4 - (-11 + 35)) + 20.
0
Calculate 36 - (24 - -1) - (3 - (-2 - 2)).
4
-1 - (-30 + (-2 - (4 - 18)))
17
Evaluate -346 + 349 + -4 + 1.
0
What is the value of -33 + (-19 + 40 - -8)?
-4
Calculate -2 + (4 - (-8 + 14 - (-1 + 3))).
-2
What is -25 + 23 - (-14 - 1)?
13
What is the value of -17 + -23 + (89 - 25)?
24
Calculate -7 - (-14 - (27 - 24)).
10
What is the value of 4 + -1 + 13 + -8 - 16?
-8
What is 2 - 3 - 2 - (-131 - -124)?
4
Calculate 40 + (-24 - -8) + -14.
10
Evaluate (-2 - -14) + (2 - -13).
27
Calculate -57 + (20 - -10) + 22.
-5
What is -9 + (-9 - (-28 - (3 + 8)))?
21
Evaluate 9 - (-6 - (1 - 0) - (48 + -76)).
-12
Calculate -8 + 5 - -7 - (-7 - -5).
6
What is 21 + -10 + -11 + 12 + 6?
18
Calculate (66 + -64 - (3 + -3)) + -4.
-2
Calculate (-10 - 4) + (13 - 7) + 3.
-5
-4 - (0 - (7 + -11)) - 1 - -2
-7
Calculate 5 - (5 + 2 + -1 + -2) - -2.
3
Evaluate -2 + (8 - (-3 + 17) - -48).
40
Evaluate (5 - 3) + (-8 + 5 - (-6 + 1)).
4
What is the value of (-19 - -11 - 3) + 3?
-8
What is -6 - (-10 + -7) - -19?
30
What is 9 + -8 + (2 - 6) - (-9 + 17)?
-11
What is 16 + 6 - (-40 - -36)?
26
Calculate (-2 - -14) + (3 - (4 + 18)).
-7
What is (-5 - (-14 + 6)) + -8 + 0 + 3?
-2
Evaluate 33 - (55 - -13) - (-2 - 0).
-33
What is the value of 15 + 4 + 0 + -7 + -2?
10
(-1 - -2) + (-20 - -35) + -30
-14
What is the value of 11 + (-9 - (0 + -2)) + -18 + 1?
-13
What is the value of (-3 - (-7 + 9)) + 35 + -26?
4
What is (-12 - (-20 + 6)) + 0?
2
What is the value of 3 - 16 - (-7 - (5 + (-5 - -4)))?
-2
2 + 3 + -9 + -3 + 16
9
What is -12 + -4 + 13 + 11 + -11?
-3
-1 - (12 - 13 - 10)
10
What is the value of 11 - ((-14 - -12) + -2)?
15
What is the value of 240 - 250 - (-2 + -48)?
40
What is the value of 14 + 3 + -30 - -3?
-10
Evaluate -34 + 6 + (-14 - -13) + (8 - 1).
-22
(1 - 3) + -1 - (3 + (-18 - -10))
2
What is -5 + 4 + -10 - (-19 - -9)?
-1
Calculate (-21 + 18 - 2) + 1.
-4
What is the value of 26 - 26 - ((0 + 3 - 5) + 7)?
-5
What is the value of 80 + -76 + 1 + -15?
-10
-103 - -113 - (6 + 0)
4
15 - (-29 + 16 + 20)
8
54 + -13 - 13 - (0 + 16)
12
What is the value of -16 + 7 + 6 - -9?
6
Calculate 21 + (0 - 22) - (-1 - (-1 + 0)).
-1
What is the value of 5 - (-6 + 31 + 5) - -3?
-22
-22 + 23 + 12 - 18
-5
What is the value of 1871 - 1849 - (-1 + 47)?
-24
-3 + 2 + -13 - (-2058 + 2012)
32
18 - (19 + -3 - -7)
-5
Calculate 1 + 13 + -188 + 187.
13
What is 8 - -6 - 34 - -23?
3
Calculate 57 + -76 + (14 - -1).
-4
What is the value of (-88 - -108) + -5 + 0 - 1?
14
What is 32 - (-48 - -81) - (0 + 0 + -1)?
0
Calculate -14 - -14 - (4 + -17) - 6.
7
26 + (23 - 46) + -1 + 0
2
What is the value of (14 - 3) + (0 - 6) - 8?
-3
Evaluate -2 + -1 + 10 + 2 + -14.
-5
Evaluate -10 + (-16 - -6) + 15.
-5
-14 - 0 - (56 - 58)
-12
What is the value of 0 + -1 + (5 - (-1 + 1))?
4
Calculate (12 + -10 + -5 - 6) + 11.
2
What is (-1 + 1 + 3 - -6) + -2?
7
What is the value of (-12 - -13) + -3 + -12 + (0 - 3)?
-17
(-9 - -2) + (-26 - -47)
14
Evaluate 5 + (2 - 0) + 308 + -350 + 3.
-32
What is (-7 - (-18 - -7)) + (-1 - -11)?
14
What is 3 + 0 + (28 - (13 - -9))?
9
What is 1 - 0 - (-57 + 49)?
9
Calculate -48 + 33 - (-1 - (1 + -4) - 1).
-16
What is the value of 2 - (-2 + 6 - (0 + -1))?
-3
What is the value of 1 + 0 + 9 + (-145 - (-219 - -107))?
-23
What is (-4 - 16 - -34) + -36?
-22
What is -11 + 24 + -20 - -7?
0
What is the value of (0 - (4 + -1)) + (-3440 - -3438)?
-5
Evaluate -8 + (17 + -22 - -16) + (1 - -29).
33
What is the value of -30 + 22 - -11 - (-27 + 0 - 0)?
30
23 + (-53 - -30) - -8
8
What is (22 - (-28 + 31)) + -2 + (-2 - 2)?
13
(-2 - -3 - -4) + 36 + -52
-11
What is the value of 1 - (5 - (8 + -1 + (-18 - -8)))?
-7
Evaluate -4 + (-2 - (-7 + -3) - -1) - 3.
2
What is 48 + -46 + (7 - (-2 + 4))?
7
What is 1 - (6 + (14 - 6))?
-13
3 + 0 - 1 - (-1 - -8 - -20)
-25
Evaluate -8 + (-9 - -17) + 5.
5
What is the value of -8 - -6 - (-4 + 19 + -7)?
-10
-7 + -12 + (8 - 3)
-14
Calculate -13 - (-24 + 10) - -29.
30
Evaluate (-46 - 1) + 342 + -299.
-4
What is 0 + (-1 - -8) - (31 + -41 - -12)?
5
7 + 3 + -4 + -5 - (3 + -4)
2
Evaluate 55 + -42 + 1 + -24.
-10
What is the value of -4 + (6 - 1) + -1 - (5 + 0)?
-5
-3 + -16 - (8 + -7 + -4)
-16
Calculate (-8 - 1) + (-21 - -12) + 10.
-8
Calculate -19 - (5 + -13 - 6).
-5
(-2 - 5) + (-195 - -183)
-19
Calculate 0 + -1 + 0 + (-13 - (-99 + 91)).
-6
11 + (1 - -7) + -10 + 1 + -2
8
Calculate -2 + ((-14 - -7) + 7 + -5 - -2).
-5
What is 8 + -7 + (-8 - -20)?
13
Calculate -1 + (10 - 26) + 8 + 3.
-6
What is the value of (3 + -16 - 4) + 3?
-14
Evaluate (0 - 6) + -3 + 11 + (-17 - -5).
-10
Evaluate -36 + 20 + 2 + -7 - -15.
-6
What is (-7 - (-21 + 12)) + (4 + -7 - -4)?
3
What is (208 - 208) + (-1 + 2 + -28 - 1)?
-28
Evaluate -14 - (-2 + -8 + (25 - 12)).
-17
What is the value of -13 - (13 + -33) - (7 + 2)?
-2
Evaluate 40 - (72 - 11) - (9 - 1).
-29
What is 6 - (8 - (1 - 0) - (87 - 86))?
0
What is the value of (4 - -1) + (-10 - (7 + -5))?
-7
What is the value of -20 + (5 - (1 - 2) - (1 - 2))?
-13
What is the value of 4 + 8 + -2 - (-106 + 131)?
-15
What is -8 - (12 - 26) - 4?
2
Evaluate (-27 - -48) + 16 + -24.
13
-35 + (11 + (11 - 0) - 12)
-25
Calculate -38 + 25 + -21 + 6.
-28
Evaluate 14 + -11 + (-2 - (-13 + 7 + 10)).
-3
What is 20 + -28 + -1 + -3 + 3?
-9
(25 - (2 + 1)) + (11 + 5 - 8)
30
Calculate 3 + -5 + -4 - (-7 + -3 + -1).
5
Calculate -38 + 32 + (2 - 5) + (-1 - -5).
-5
What is the value of 10 + (-5 - (0 + -7)) + -4?
8
Evaluate -14 + (6 - (-17 + -7)).
16
Evaluate (26 - (15 - -16)) + 31.
26
What is 14 + 2 + 16 + -19?
13
Evaluate (2 - 25 - 17) + 34.
-6
What is the value of 23 + (3 + -9 - (-5 - -4)) + -4?
14
Calculate ((-1 - 4) + 16 - 5) + 2 + -12.
-4
What is the value of -1 - -18 - (-11 - (22 + -40))?
10
-1 - -15 - (16 + (-22 - -14))
6
What is (1 - (-9 + 9 + -1)) + -2 + -2?
-2
What is the value of (0 - 1) + -41 + 37 - -4?
-1
Calculate (1 - -5) + (-3 - (1 - (0 - 3))).
-1
Evaluate 3 + -6 - (3 + -10 + 20 + -9).
-7
Calculate (-2 - 6) + (11 - 2) + -1.
0
Evaluate (-13 - (-11 - 2)) + -7.
-7
What is 2 - (18 - 22) - 16 - 24?
-34
What is 2 - (-62 + 76 + (-8 - -2))?
-6
What is the value of -15 - (-12 - 11) - 21?
-13
Calculate (-6 - (-6 + 7 - 4)) + (6 - 0).
3
What is (-1 - 3) + (-77 - -99)?
18
(-61 - -40 - 7) + (4 - 8) + -3
-35
What is the value of 203 + -209 + (0 - (5 - 2) - -14)?
5
-10 + (35 - 17) - 23
-15
-7 + 51 + (-9 - -9) + -15
29
What is the value of (2 + -7 - -5) + 9 - -3?
12
What is (7 - (-2 - -12)) + 20?
17
What is 7 + -39 - (-7 + -53)?
28
What is the value of -26 + 30 + -8 + -2?
-6
Calculate 20 + 1 + -11 - 6.
4
Evaluate 0 + 0 - -3 - (-207 + 219).
-9
What is -4 + -1 + (13 - 13 - (-1 + -1))?
-3
What is the value of 16 + 4 + -14 + -20?
-14
What is the value of (-1 - 5) + -7 - -14?
1
Calculate 26 + 2 + -2 + 2 + (3 - 6).
25
22 + 20 + -19 + -3
20
Cal